 4*h + 2. What is p(m)?
-1
Let p(z) = -4*z - 13 - z**2 + 10*z + 7*z. Give p(12).
-1
Let m be 9/15 - 4/(-10). Let k(h) = 8*h**2 - 1. Let v(o) be the first derivative of 40*o**3/3 - 6*o - 5. Let i(x) = -11*k(x) + 2*v(x). Determine i(m).
-9
Let q be ((-8)/6)/(2/(-3)). Suppose q = -n - 1. Let z(y) = -34*y**3 + 35*y**3 + 4*y**2 + 2 - 460*y + 462*y. Give z(n).
5
Let x(q) be the first derivative of -q**3/3 + q**2/2 + 2. Let t be -6 + 0/(0 - -2). Let v = -7 - t. Give x(v).
-2
Let q = 878 + -877. Let s(a) = 2*a**2 + 4*a - 1 - a**2 - 5*a. Give s(q).
-1
Let d(w) = w**2 - 5*w - 2. Let n be d(4). Let f = -10 - n. Let p(q) be the third derivative of q**5/30 + q**4/6 - 5*q**3/6 + 4*q**2. What is p(f)?
11
Let k(q) = -3*q + 18*q - 14*q + 45*q**2 - 42*q**2. Let x = 3 - 4. Determine k(x).
2
Let n be 1 + -3 + -4 + 9. Suppose -5*y = -n*y + 4. Let v(i) = -i**2. Let x(z) = 9*z**2 + 2*z - 2. Let r(g) = -6*v(g) - x(g). Calculate r(y).
-6
Suppose 0 = 4*g - 4*t - 44, 5*t = 2*g + g - 29. Let u = g + -9. Suppose 0 = 2*q - u*q. Let f(i) = -i**3 - i**2 + i + 2. Determine f(q).
2
Let x(n) = -7*n**3 + 13*n**2 + 11*n + 13. Let b(c) = 2*c**3 - 5*c**2 - 4*c - 5. Let t(g) = 8*b(g) + 3*x(g). Suppose -4*k - 2 = -6. Determine t(k).
-6
Let g(t) = -4*t - 1 - 2*t + 7*t + 2*t. Let a be 2*1/(0 + -1). What is g(a)?
-7
Let y = -92 - -45. Let i = y - -41. Let s(d) = d**2 + 5*d + 3. What is s(i)?
9
Let g(q) = 3*q + 1. Let a be (2/1)/(1/((-6)/(-4))). Suppose -j - 1 = -4*m + 2, -a*j - 9 = 4*m. What is g(j)?
-8
Let j(a) = -15*a - 6. Let w be j(-1). Let y(s) = -s**2 + 10*s. Calculate y(w).
9
Let q(k) = -k**2 - 14*k - 16. Let x = 519 - 533. What is q(x)?
-16
Let f(i) = 7*i + 1. Let m(q) = -30*q - 4. Let j(b) = 26*f(b) + 6*m(b). Let o(x) = -x**2 - 3*x + 7. Let t be o(-5). Give j(t).
-4
Let i(p) = 40*p**2 + 7*p - 81*p**2 + 6 + 0 + 42*p**2. Suppose -12 = -3*z + 6*z. What is i(z)?
-6
Suppose -g = 2*g - 30. Suppose -4*x - g = x. Let i(s) = -3*s - 5. Let t be i(x). Let h(y) = -4*y + 1. Give h(t).
-3
Let d(z) = -7*z**2 + z - 9. Let n(w) = -10*w**2 + w - 9. Let h(x) = -3*d(x) + 2*n(x). Calculate h(4).
21
Suppose -5*t - 10 = 5*w, 4*w - 5*t = 37 - 18. Let c be 4/(-14) + (-32)/(-14). Let x(f) = f - c*f - 3*f**3 + 0*f**2 + f**2. What is x(w)?
-3
Let g(t) = -55*t - 41*t + 1 + 85*t + t**2. Calculate g(11).
1
Let g(q) = 2*q + 2. Let n(u) = u**2 - 20*u - 4. Suppose -k = k - 8. Suppose 3*r - 3*i + 8*i = 85, -k*i = 2*r - 60. Let p be n(r). What is g(p)?
-6
Let v(d) be the third derivative of -1/24*d**4 + 0 + 0*d - 2/3*d**3 - 36*d**2. Determine v(-4).
0
Let l(p) = -4*p + 4. Let x be l(-2). Let n = x - 10. Let t(s) = -3 + 10*s**n - s - 8 - 9*s**2. Determine t(0).
-11
Let f(v) = -4*v + 1. Let u(p) = -5*p**2 + 1. Let h = 13 + -14. Let r be u(h). Let n be r/(-12)*0 - 2. Give f(n).
9
Let o be ((-12)/9)/(4/(-6)). Let v(l) = -6*l + 2*l**2 + o*l**2 + 5*l. Let z(s) = s**3 + 7*s**2 + 13*s + 14. Let t be z(-5). Give v(t).
5
Let u be -8 - (3 - 27/2). Let x(z) be the first derivative of u*z**2 + 1/3*z**3 + 3*z + 3. Determine x(-5).
3
Let i be ((-2)/4)/((-3)/12). Let w(s) = s**2 - 10*s**2 + 2*s**i + 8*s + 11 - s**3 - 3. What is w(-8)?
8
Let t(c) = 6*c - 2*c + 3*c**2 - c - c - 1. Suppose 5*x + 4*q + 3 + 3 = 0, -5*q = 4*x + 3. Determine t(x).
7
Let b(t) = -t**3 + 8*t**2 - 8*t - 3. Let d(v) = 2 - v + 0*v + 11. Let p be d(6). What is b(p)?
-10
Let k(u) = -u**2 - 22*u + 36. Let j(w) = -2*w + 2. Let o(m) = 4*j(m) - k(m). What is o(-16)?
4
Let h(x) = -x**3 - 8*x**2 + 2*x + 2. Let v(c) = -c**2 + 2. Let k(n) = h(n) - 4*v(n). Calculate k(-5).
9
Suppose -34*f = -33*f - 3. Let v(a) be the second derivative of -4*a**2 + 1/6*a**f - 13*a + 0. Give v(6).
-2
Let f(w) = 15*w - 13*w + 2 - 8. Let d(c) = -c - 2. Let x be d(-6). Give f(x).
2
Let d(y) = -4*y**2 + y. Let j = -752 + 753. Determine d(j).
-3
Let v(r) = r + 1. Let a be v(-4). Let o = a + 5. Let x(c) = -29*c + 1. Let p(l) = 175*l - 4. Let m(u) = -p(u) - 6*x(u). What is m(o)?
-4
Let h(b) be the third derivative of b**6/60 - 2*b**5/15 - b**4/12 + b**3 - 2*b**2 - 35. What is h(4)?
-2
Let g(d) be the third derivative of d**5/60 + 5*d**4/24 - 5*d**2. Let n = -13 - -15. Suppose 0 = o + n + 3. What is g(o)?
0
Suppose -j + 2 = 3*t, -2*t - 3 = -2*j + 1. Let i(x) = 4*x**3 + t*x**3 - 17*x**3 - x**2. Let g be 6/(-14) + (-23)/(1610/40). Calculate i(g).
12
Let p(k) = 11*k**2 - 13*k + 10. Let c(a) be the first derivative of -7*a**3/3 + 9*a**2/2 - 7*a + 12. Let b(x) = -8*c(x) - 5*p(x). Calculate b(4).
-6
Suppose 4*n - 5*t + 2 = 2*n, 0 = 3*n + 5*t - 47. Let m(s) = -1 + 0 - 8*s**2 - n*s**2 + 18*s**2 + 4*s. Determine m(-3).
-4
Let u(z) = -2*z - 5*z - 2 - 7 + 17*z - 8*z. Give u(3).
-3
Let o(i) = -i**3 - 6*i**2 - 3*i - 9. Let u(a) = -3*a - 4. Let d(x) = -x - 1. Let q(n) = -11*d(n) + 4*u(n). Let k be q(1). What is o(k)?
9
Let x(g) = 17*g**2 + g - 5. Let o(b) = -6*b**2 + 2. Let z(r) = 8*o(r) + 3*x(r). Let d = -7 - -4. Determine z(d).
19
Suppose 3*h - 119 = -4*r, -h + 57 = -r - 2*r. Suppose 8*x - 3*x = -h. Let g be (4 + -1)*6/x. Let w(d) = -4*d - 2. What is w(g)?
6
Let l = -15 - -20. Let n(z) = -3*z - 15*z**2 + 26*z**2 - 10*z**2 - l*z. Determine n(9).
9
Let z(h) be the third derivative of h**6/6 + h**5/60 + h**4/24 - h**3/6 - h**2 + 20*h. Let s be (2 - 2)/3 - -1. Calculate z(s).
21
Let s be 10 - 8/(16/(-10)). Let n be (-78)/65 + 123/s. Let g(j) = -3 - j + 5*j - 3*j. What is g(n)?
4
Let l(z) = 21*z**3 + z**2 + 3*z - 7. Let m(c) = -14*c**3 - c**2 - 2*c + 5. Let d(k) = -5*l(k) - 7*m(k). Determine d(1).
-6
Let d(h) = 2*h**2 - 2*h - 6. Let r be ((-126)/45 + 3)*15. Give d(r).
6
Suppose -32*n = -27*n - 550. Let t(g) = 111*g + 3 + 3*g**2 - n*g + 0*g**3 - g**3. Determine t(3).
6
Let z(b) be the second derivative of -2*b**3/3 + 9*b**2 + 368*b - 2. Give z(9).
-18
Let t(q) = 2*q + 5. Let n = 1182 + -1188. Give t(n).
-7
Let b(o) be the third derivative of 1/24*o**4 - 1/60*o**5 + 29*o**2 + 3/2*o**3 + 0*o + 0. Suppose -x + 2 = 3*f, 0 = -3*f - 0*f + x - 2. Give b(f).
9
Let s(r) = -6*r + 3. Suppose 5*d - 20 = -0*d. Suppose -2*j - 196 = -d*j. Let z be j/56 - 1/(-4). Determine s(z).
-9
Let j(s) = s - 2. Let h(g) = -4*g + 1. Let l be h(-2). Let a(m) = -2*m - 5 - 6 + 3 + 3*m. Let n be a(l). What is j(n)?
-1
Let h(p) = -11*p**2 + 7*p + 7. Let l(r) = -5*r**2 + 4*r + 3. Let y(a) = -4*h(a) + 9*l(a). Let b be 30/(-5)*1 - (-1 + -13). Determine y(b).
-1
Let f(o) = 2*o**2 - o - 16. Suppose w = -k - 2, -k - 3*w = -2*k - 10. Let l(v) = -v**2 + v + 8. Let h(m) = k*f(m) - 9*l(m). Give h(7).
6
Let a = 224 + -219. Let f(p) be the second derivative of p**3/2 - 3*p**2 + 2*p. What is f(a)?
9
Let d(s) be the third derivative of s**6/40 - s**5/60 - s**4/12 + s**3/6 + 73*s**2. Calculate d(2).
17
Let x(j) = -7*j**3 + 2*j**2 - 5*j + 2. Let c(q) = 2*q**3 + q**2 + q + 1. Let f(g) = -3*c(g) - x(g). Give f(4).
-13
Let q = 143 - 145. Let w(n) = 2*n**3 - n**2 - n - 1. What is w(q)?
-19
Suppose 10*j = -2*j + 36. Let i(f) = -f**3 - f**2 + 2*f - 3. Give i(j).
-33
Let o be (6/(-8))/(6/(-288)). Suppose -6*m - o = -0*m. Let b(z) = z**2 + 5*z + 8. Determine b(m).
14
Let h(m) = m. Let a(k) = k**2 - 4*k - 5. Let z be a(5). Suppose -3*t + 32 + 4 = z. Let y be (-55)/(-30) - (-2)/t. Give h(y).
2
Let c(x) = x + 1. Let b(j) = j. Let z(u) = -u + 10. Let t be z(8). Let i(g) = t*c(g) - b(g). What is i(-5)?
-3
Let p(c) be the third derivative of -7*c**5/60 - c**4/4 - 5*c**3/3 - 10*c**2. Let w(h) = 6*h**2 + 6*h + 9. Let u(a) = 5*p(a) + 6*w(a). Calculate u(-5).
-1
Let c be 40/(-6) + 2/3. Let z(r) = -r**3 - 7*r**2 - 2*r - 6. Let d be z(-7). Let v(s) = -4*s - 42*s**2 + 20*s**2 + d + 27*s**2 + s**3. Determine v(c).
-4
Let l(u) = u**3 + 5*u**2 + 2*u - 4. Let y(h) = -10*h + 2. Let b be y(-4). Let j be (-12)/b - (-2)/7. Suppose -3*k + j = 12. Calculate l(k).
4
Let f(d) = 4*d**2 - d - 4. Suppose 0 = -5*u + 31*s - 26*s - 15, -5*s = u - 27. Calculate f(u).
10
Suppose 1 = -c + n, c + 3*c = -n + 11. Let j(v) = 2*v**2 - 2*v**3 + v**3 + 5*v - 2*v**2 + 4*v**c - 3. Determine j(5).
-3
Let l(u) be the first derivative of 4*u**3/3 - u**2 + 7*u + 14. Let c(f) be the first derivative of l(f). What is c(2)?
14
Let f(x) = 2*x - 1. Let q(r) = -r**3 + 13*r**2 - 13*r + 15. Let w be q(12). What is f(w)?
5
Let r be -63 + 9 - (0 + 2). Let w = r - -62. Let q(d) = -d**3 + 6*d**2 - d + 1. Give q(w).
-5
Let 